, 53, 317
What are the prime factors of 430264?
2, 53783
What are the prime factors of 5223058?
2, 2611529
What are the prime factors of 4419119?
67, 65957
List the prime factors of 148662.
2, 3, 2753
What are the prime factors of 8711816?
2, 1088977
List the prime factors of 7836464.
2, 647, 757
What are the prime factors of 20428?
2, 5107
List the prime factors of 11656023.
3, 547, 7103
List the prime factors of 2064234.
2, 3, 344039
List the prime factors of 8871075.
3, 5, 89, 443
What are the prime factors of 659739?
3, 47, 4679
What are the prime factors of 905755?
5, 107, 1693
List the prime factors of 179948.
2, 44987
What are the prime factors of 3883543?
19, 204397
What are the prime factors of 556589?
11, 50599
List the prime factors of 950256.
2, 3, 6599
List the prime factors of 1377905.
5, 275581
List the prime factors of 3311341.
11, 67, 4493
List the prime factors of 989.
23, 43
What are the prime factors of 836587?
17, 49211
List the prime factors of 462279.
3, 223, 691
List the prime factors of 7435027.
7435027
What are the prime factors of 1617073?
389, 4157
List the prime factors of 583046.
2, 37, 7879
What are the prime factors of 210208?
2, 6569
What are the prime factors of 45637?
47, 971
What are the prime factors of 63314?
2, 31657
What are the prime factors of 19492502?
2, 43, 226657
What are the prime factors of 1295642?
2, 647821
What are the prime factors of 114307?
151, 757
List the prime factors of 309044.
2, 77261
List the prime factors of 107574.
2, 3, 17929
What are the prime factors of 6698356?
2, 7, 31, 7717
List the prime factors of 167961.
3, 55987
What are the prime factors of 21925?
5, 877
What are the prime factors of 840128?
2, 13127
What are the prime factors of 224724?
2, 3, 61, 307
List the prime factors of 369919.
11, 33629
What are the prime factors of 188563?
188563
List the prime factors of 1472397.
3, 193, 2543
List the prime factors of 4232542.
2, 59, 35869
What are the prime factors of 50033?
50033
What are the prime factors of 86229?
3, 11, 13, 67
List the prime factors of 2758277.
29, 227, 419
List the prime factors of 620115.
3, 5, 41341
List the prime factors of 537408.
2, 3, 311
What are the prime factors of 104640?
2, 3, 5, 109
What are the prime factors of 13136478?
2, 3, 17, 29, 4441
List the prime factors of 128916.
2, 3, 3581
What are the prime factors of 196930?
2, 5, 47, 419
List the prime factors of 667536.
2, 3, 13907
What are the prime factors of 315158?
2, 157579
What are the prime factors of 637285?
5, 11, 11587
List the prime factors of 1044510.
2, 3, 5, 37, 941
What are the prime factors of 27542803?
83, 331841
What are the prime factors of 56409?
3, 18803
What are the prime factors of 2051959?
7, 13, 22549
List the prime factors of 10267778.
2, 191, 26879
List the prime factors of 11866852.
2, 2966713
List the prime factors of 1057163.
1057163
What are the prime factors of 198660?
2, 3, 5, 7, 11, 43
What are the prime factors of 201951?
3, 19, 1181
What are the prime factors of 242636?
2, 60659
What are the prime factors of 17278350?
2, 3, 5, 127, 907
List the prime factors of 521823.
3, 31, 181
List the prime factors of 39055970.
2, 5, 17, 31, 7411
What are the prime factors of 2354984?
2, 431, 683
What are the prime factors of 10192988?
2, 13, 211, 929
What are the prime factors of 8071838?
2, 17, 199, 1193
What are the prime factors of 9513?
3, 7, 151
What are the prime factors of 138083?
11, 12553
List the prime factors of 385038.
2, 3, 21391
List the prime factors of 21250637.
21250637
List the prime factors of 539055.
3, 5, 11
What are the prime factors of 2108622?
2, 3, 351437
List the prime factors of 7873375.
5, 62987
What are the prime factors of 15891090?
2, 3, 5, 17, 31159
List the prime factors of 265893.
3, 263, 337
List the prime factors of 9867029.
569, 17341
List the prime factors of 6119122.
2, 3059561
What are the prime factors of 8608911?
3, 29, 98953
What are the prime factors of 137456?
2, 11, 71
What are the prime factors of 16226127?
3, 67, 71, 379
What are the prime factors of 13570284?
2, 3, 7, 13, 17, 43
List the prime factors of 269010.
2, 3, 5, 7, 61
What are the prime factors of 341337?
3, 113779
What are the prime factors of 100805?
5, 20161
What are the prime factors of 33125?
5, 53
What are the prime factors of 6616146?
2, 3, 1102691
List the prime factors of 526177.
37, 14221
What are the prime factors of 528454?
2, 131, 2017
List the prime factors of 248458.
2, 7, 17747
List the prime factors of 29333588.
2, 7333397
List the prime factors of 91999.
197, 467
List the prime factors of 391749.
3, 67, 1949
List the prime factors of 892715.
5, 19, 9397
List the prime factors of 5341010.
2, 5, 534101
List the prime factors of 799090.
2, 5, 41, 1949
What are the prime factors of 7888406?
2, 29, 277, 491
List the prime factors of 1289379.
3, 7, 13, 4723
List the prime factors of 5482458.
2, 3, 101527
What are the prime factors of 102211?
43, 2377
List the prime factors of 230148.
2, 3, 2131
What are the prime factors of 787333?
787333
List the prime factors of 261108.
2, 3, 7253
List the prime factors of 69276.
2, 3, 23, 251
What are the prime factors of 1302651?
3, 7, 23, 29, 31
List the prime factors of 17115060.
2, 3, 5, 285251
List the prime factors of 649678.
2, 324839
List the prime factors of 530776.
2, 66347
What are the prime factors of 3522?
2, 3, 587
What are the prime factors of 7807857?
3, 251, 10369
What are the prime factors of 2457062?
2, 163, 7537
What are the prime factors of 179635?
5, 37, 971
What are the prime factors of 678461?
7, 103, 941
What are the prime factors of 155816?
2, 19477
List the prime factors of 2442304.
2, 31, 1231
List the prime factors of 1649613.
3, 7, 78553
List the prime factors of 4030331.
61, 66071
What are the prime factors of 9154302?
2, 3, 1525717
List the prime factors of 4906689.
3, 1635563
What are the prime factors of 129996?
2, 3, 23, 157
What are the prime factors of 137719?
41, 3359
List the prime factors of 1013482.
2, 109, 4649
List the prime factors of 3107100.
2, 3, 5, 10357
List the prime factors of 11145447.
3, 1238383
What are the prime factors of 4180400?
2, 5, 7, 1493
List the prime factors of 1580998.
2, 61, 12959
What are the prime factors of 23729224?
2, 2966153
List the prime factors of 5849170.
2, 5, 584917
What are the prime factors of 316256?
2, 9883
What are the prime factors of 2177662?
2, 1088831
List the prime factors of 6814645.
5, 1362929
List the prime factors of 6585509.
7, 940787
List the prime factors of 9008101.
9008101
What are the prime factors of 897000?
2, 3, 5, 13, 23
What are the prime factors of 489422?
2, 244711
List the prime factors of 860687.
461, 1867
List the prime factors of 687976.
2, 23, 3739
What are the prime factors of 4177296?
2, 3, 29009
List the prime factors of 8746981.
41, 317, 673
List the prime factors of 285997.
285997
List the prime factors of 5001614.
2, 2500807
What are the prime factors of 17864983?
17864983
List the prime factors of 5720756.
2, 109, 13121
List the prime factors of 603043.
7, 31, 397
What are the prime factors of 13799591?
13, 271, 3917
What are the prime factors of 456841?
7, 11, 17, 349
What are the prime factors of 30742194?
2, 3, 7, 731957
List the prime factors of 16510323.
3, 43, 131, 977
List the prime factors of 22351007.
7, 349, 1307
List the prime factors of 66760.
2, 5, 1669
List the prime factors of 1103754.
2, 3, 183959
List the prime factors of 5875733.
191, 30763
What are the prime factors of 153810?
2, 3, 5, 1709
What are the prime factors of 5447992?
2, 11, 61909
What are the prime factors of 876690?
2, 3, 5, 17, 191
List the prime factors of 3662.
2, 1831
What are the prime factors of 19612751?
19612751
List the prime factors of 133780.
2, 5, 6689
List the prime factors of 427347.
3, 103, 461
What are the prime factors of 2187392?
2, 23, 743
What are the prime factors of 62157?
3, 20719
List the prime factors of 9801226.
2, 19, 37, 6971
List the prime factors of 273751.
17, 16103
What are the prime factors of 7247424?
2, 3, 37747
What are the prime factors of 84711?
3, 11, 17, 151
What are the prime factors of 6674013?
3, 17, 181, 241
List the prime factors of 197160.
2, 3, 5, 31, 53
List the pri